[INFO] cloning repository https://github.com/elniallo/tokio-experiment
[INFO] running `Command { std: "git" "-c" "credential.helper=" "-c" "credential.helper=/workspace/cargo-home/bin/git-credential-null" "clone" "--bare" "https://github.com/elniallo/tokio-experiment" "/workspace/cache/git-repos/https%3A%2F%2Fgithub.com%2Felniallo%2Ftokio-experiment", kill_on_drop: false }`
[INFO] [stderr] Cloning into bare repository '/workspace/cache/git-repos/https%3A%2F%2Fgithub.com%2Felniallo%2Ftokio-experiment'...
[INFO] running `Command { std: "git" "rev-parse" "HEAD", kill_on_drop: false }`
[INFO] [stdout] 547e0ec0029605bfa12910ce200ab0c356555d97
[INFO] checking elniallo/tokio-experiment against try#72f88fc4e9458f89516a0b8b0868f3718aec5b47 for pr-74989
[INFO] running `Command { std: "git" "clone" "/workspace/cache/git-repos/https%3A%2F%2Fgithub.com%2Felniallo%2Ftokio-experiment" "/workspace/builds/worker-13/source", kill_on_drop: false }`
[INFO] [stderr] Cloning into '/workspace/builds/worker-13/source'...
[INFO] [stderr] done.
[INFO] validating manifest of git repo https://github.com/elniallo/tokio-experiment on toolchain 72f88fc4e9458f89516a0b8b0868f3718aec5b47
[INFO] running `Command { std: "/workspace/cargo-home/bin/cargo" "+72f88fc4e9458f89516a0b8b0868f3718aec5b47" "read-manifest" "--manifest-path" "Cargo.toml", kill_on_drop: false }`
[INFO] started tweaking git repo https://github.com/elniallo/tokio-experiment
[INFO] finished tweaking git repo https://github.com/elniallo/tokio-experiment
[INFO] tweaked toml for git repo https://github.com/elniallo/tokio-experiment written to /workspace/builds/worker-13/source/Cargo.toml
[INFO] crate git repo https://github.com/elniallo/tokio-experiment already has a lockfile, it will not be regenerated
[INFO] running `Command { std: "/workspace/cargo-home/bin/cargo" "+72f88fc4e9458f89516a0b8b0868f3718aec5b47" "fetch" "--locked" "--manifest-path" "Cargo.toml", kill_on_drop: false }`
[INFO] [stderr] warning: unused manifest key: bench.2.include
[INFO] [stderr]     Updating git repository `https://github.com/jimni1222/rust_wallet.git`
[INFO] [stderr]     Updating git repository `https://github.com/jimni1222/bip39.git`
[INFO] [stderr]     Updating git repository `https://github.com/evgeniy-scherbina/rust-electrumx-client.git`
[INFO] [stderr]     Blocking waiting for file lock on package cache
[INFO] running `Command { std: "docker" "create" "-v" "/var/lib/crater-agent-workspace/builds/worker-13/target:/opt/rustwide/target:rw,Z" "-v" "/var/lib/crater-agent-workspace/builds/worker-13/source:/opt/rustwide/workdir:ro,Z" "-v" "/var/lib/crater-agent-workspace/cargo-home:/opt/rustwide/cargo-home:ro,Z" "-v" "/var/lib/crater-agent-workspace/rustup-home:/opt/rustwide/rustup-home:ro,Z" "-e" "SOURCE_DIR=/opt/rustwide/workdir" "-e" "CARGO_TARGET_DIR=/opt/rustwide/target" "-e" "CARGO_HOME=/opt/rustwide/cargo-home" "-e" "RUSTUP_HOME=/opt/rustwide/rustup-home" "-w" "/opt/rustwide/workdir" "-m" "1610612736" "--user" "0:0" "--network" "none" "rustops/crates-build-env@sha256:d92eaeed33fa75130ca1ee6c8a01d1ffb62bac859dfdfb3450e3e5d1c0146529" "/opt/rustwide/cargo-home/bin/cargo" "+72f88fc4e9458f89516a0b8b0868f3718aec5b47" "metadata" "--no-deps" "--format-version=1", kill_on_drop: false }`
[INFO] [stdout] 0799a2182e89e38ac26ff5241ecaf1483b62d2d9f72fde932f8710696f0b6318
[INFO] [stderr] WARNING: Your kernel does not support swap limit capabilities or the cgroup is not mounted. Memory limited without swap.
[INFO] running `Command { std: "docker" "start" "-a" "0799a2182e89e38ac26ff5241ecaf1483b62d2d9f72fde932f8710696f0b6318", kill_on_drop: false }`
[INFO] running `Command { std: "docker" "inspect" "0799a2182e89e38ac26ff5241ecaf1483b62d2d9f72fde932f8710696f0b6318", kill_on_drop: false }`
[INFO] running `Command { std: "docker" "rm" "-f" "0799a2182e89e38ac26ff5241ecaf1483b62d2d9f72fde932f8710696f0b6318", kill_on_drop: false }`
[INFO] [stdout] 0799a2182e89e38ac26ff5241ecaf1483b62d2d9f72fde932f8710696f0b6318
[INFO] running `Command { std: "docker" "create" "-v" "/var/lib/crater-agent-workspace/builds/worker-13/target:/opt/rustwide/target:rw,Z" "-v" "/var/lib/crater-agent-workspace/builds/worker-13/source:/opt/rustwide/workdir:ro,Z" "-v" "/var/lib/crater-agent-workspace/cargo-home:/opt/rustwide/cargo-home:ro,Z" "-v" "/var/lib/crater-agent-workspace/rustup-home:/opt/rustwide/rustup-home:ro,Z" "-e" "SOURCE_DIR=/opt/rustwide/workdir" "-e" "CARGO_TARGET_DIR=/opt/rustwide/target" "-e" "CARGO_INCREMENTAL=0" "-e" "RUST_BACKTRACE=full" "-e" "RUSTFLAGS=--cap-lints=forbid" "-e" "CARGO_HOME=/opt/rustwide/cargo-home" "-e" "RUSTUP_HOME=/opt/rustwide/rustup-home" "-w" "/opt/rustwide/workdir" "-m" "1610612736" "--user" "0:0" "--network" "none" "rustops/crates-build-env@sha256:d92eaeed33fa75130ca1ee6c8a01d1ffb62bac859dfdfb3450e3e5d1c0146529" "/opt/rustwide/cargo-home/bin/cargo" "+72f88fc4e9458f89516a0b8b0868f3718aec5b47" "check" "--frozen" "--all" "--all-targets" "--message-format=json", kill_on_drop: false }`
[INFO] [stdout] a41354c9f8df74e98edddf7c52af6eb893235692a68fc0a7941180c3f3bad2fa
[INFO] [stderr] WARNING: Your kernel does not support swap limit capabilities or the cgroup is not mounted. Memory limited without swap.
[INFO] running `Command { std: "docker" "start" "-a" "a41354c9f8df74e98edddf7c52af6eb893235692a68fc0a7941180c3f3bad2fa", kill_on_drop: false }`
[INFO] [stderr] warning: unused manifest key: bench.2.include
[INFO] [stderr]    Compiling libc v0.2.50
[INFO] [stderr]    Compiling arrayvec v0.4.10
[INFO] [stderr]    Compiling cfg-if v0.1.7
[INFO] [stderr]    Compiling rayon-core v1.4.1
[INFO] [stderr]    Compiling rayon v1.0.3
[INFO] [stderr]    Compiling scopeguard v0.3.3
[INFO] [stderr]    Compiling nodrop v0.1.13
[INFO] [stderr]    Compiling byteorder v1.3.1
[INFO] [stderr]     Checking lazy_static v1.3.0
[INFO] [stderr]     Checking rand_core v0.4.0
[INFO] [stderr]     Checking memoffset v0.2.1
[INFO] [stderr]     Checking stable_deref_trait v1.1.1
[INFO] [stderr]     Checking slab v0.4.2
[INFO] [stderr]     Checking smallvec v0.6.9
[INFO] [stderr]    Compiling num-integer v0.1.39
[INFO] [stderr]    Compiling glob v0.2.11
[INFO] [stderr]    Compiling version_check v0.1.5
[INFO] [stderr]    Compiling unicode-width v0.1.5
[INFO] [stderr]    Compiling ansi_term v0.11.0
[INFO] [stderr]    Compiling bindgen v0.47.3
[INFO] [stderr]    Compiling strsim v0.7.0
[INFO] [stderr]     Checking either v1.5.1
[INFO] [stderr]    Compiling peeking_take_while v0.1.2
[INFO] [stderr]    Compiling protobuf v2.0.4
[INFO] [stderr]    Compiling num-iter v0.1.37
[INFO] [stderr]    Compiling gcc v0.3.55
[INFO] [stderr]     Checking byte-tools v0.3.1
[INFO] [stderr]     Checking bech32 v0.5.0
[INFO] [stderr]     Checking subtle v1.0.0
[INFO] [stderr]    Compiling pkg-config v0.3.14
[INFO] [stderr]     Checking vec_map v0.8.1
[INFO] [stderr]     Checking fake-simd v0.1.2
[INFO] [stderr]     Checking opaque-debug v0.2.2
[INFO] [stderr]    Compiling crunchy v0.1.6
[INFO] [stderr]    Compiling slog v2.4.1
[INFO] [stderr]    Compiling openssl v0.10.20
[INFO] [stderr]    Compiling starling v1.2.1
[INFO] [stderr]     Checking foreign-types-shared v0.1.1
[INFO] [stderr]     Checking scoped-tls v0.1.2
[INFO] [stderr]     Checking lazysort v0.2.1
[INFO] [stderr]     Checking slab v0.3.0
[INFO] [stderr]     Checking take v0.1.0
[INFO] [stderr]     Checking smallvec v0.2.1
[INFO] [stderr]    Compiling rand_chacha v0.1.1
[INFO] [stderr]    Compiling rand_pcg v0.1.2
[INFO] [stderr]    Compiling rand v0.6.5
[INFO] [stderr]    Compiling backtrace v0.3.14
[INFO] [stderr]     Checking tokio-service v0.1.0
[INFO] [stderr]    Compiling crossbeam-utils v0.2.2
[INFO] [stderr]    Compiling log v0.4.6
[INFO] [stderr]     Checking owning_ref v0.4.0
[INFO] [stderr]    Compiling regex-syntax v0.6.5
[INFO] [stderr]     Checking crossbeam-utils v0.6.5
[INFO] [stderr]     Checking tokio-trace-core v0.1.0
[INFO] [stderr]     Checking thread_local v0.3.6
[INFO] [stderr]     Checking tokio-sync v0.1.4
[INFO] [stderr]    Compiling textwrap v0.10.0
[INFO] [stderr]     Checking rand_core v0.3.1
[INFO] [stderr]     Checking rand_jitter v0.1.3
[INFO] [stderr]     Checking itertools v0.8.0
[INFO] [stderr]     Checking block-padding v0.1.3
[INFO] [stderr]     Checking bitcoin-bech32 v0.8.1
[INFO] [stderr]    Compiling num-rational v0.2.1
[INFO] [stderr]    Compiling double v0.2.3
[INFO] [stderr]    Compiling nom v4.2.3
[INFO] [stderr]     Checking foreign-types v0.3.2
[INFO] [stderr]     Checking lock_api v0.1.5
[INFO] [stderr]     Checking log v0.3.9
[INFO] [stderr]    Compiling protoc v2.0.4
[INFO] [stderr]    Compiling clang-sys v0.26.4
[INFO] [stderr]     Checking rand_xorshift v0.1.1
[INFO] [stderr]     Checking rand_hc v0.1.0
[INFO] [stderr]     Checking rand_isaac v0.1.1
[INFO] [stderr]    Compiling parking_lot_core v0.4.0
[INFO] [stderr]     Checking num-complex v0.2.1
[INFO] [stderr]     Checking generic-array v0.12.0
[INFO] [stderr]     Checking tokio-executor v0.1.7
[INFO] [stderr]     Checking crossbeam-queue v0.1.2
[INFO] [stderr]    Compiling syn v0.15.29
[INFO] [stderr]     Checking crossbeam-epoch v0.3.1
[INFO] [stderr]     Checking crossbeam-epoch v0.7.1
[INFO] [stderr]     Checking blake2-rfc v0.2.18
[INFO] [stderr]     Checking hashbrown v0.1.8
[INFO] [stderr]     Checking term v0.5.1
[INFO] [stderr]     Checking rand_xoshiro v0.1.0
[INFO] [stderr]    Compiling rust-crypto v0.2.36
[INFO] [stderr]     Checking num-bigint v0.2.2
[INFO] [stderr]     Checking tinytemplate v1.0.1
[INFO] [stderr]     Checking tiny-keccak v1.4.2
[INFO] [stderr]     Checking rand_os v0.1.3
[INFO] [stderr]     Checking num_cpus v1.10.0
[INFO] [stderr]     Checking iovec v0.1.2
[INFO] [stderr]     Checking rand v0.4.6
[INFO] [stderr]     Checking net2 v0.2.33
[INFO] [stderr]     Checking time v0.1.42
[INFO] [stderr]     Checking atty v0.2.11
[INFO] [stderr]     Checking memchr v2.2.0
[INFO] [stderr]     Checking isatty v0.1.9
[INFO] [stderr]     Checking rand v0.5.6
[INFO] [stderr]     Checking digest v0.8.0
[INFO] [stderr]     Checking block-buffer v0.7.0
[INFO] [stderr]     Checking crypto-mac v0.7.0
[INFO] [stderr]     Checking tokio-timer v0.2.10
[INFO] [stderr]     Checking tokio-current-thread v0.1.6
[INFO] [stderr]     Checking criterion-plot v0.3.0
[INFO] [stderr]     Checking crossbeam-deque v0.2.0
[INFO] [stderr]     Checking num v0.1.42
[INFO] [stderr]     Checking crossbeam-deque v0.7.1
[INFO] [stderr]     Checking bytes v0.4.12
[INFO] [stderr]     Checking clap v2.32.0
[INFO] [stderr]     Checking mio v0.6.16
[INFO] [stderr]     Checking hmac v0.7.0
[INFO] [stderr]     Checking sha2 v0.8.0
[INFO] [stderr]     Checking csv-core v0.1.5
[INFO] [stderr]     Checking simple_logger v0.5.0
[INFO] [stderr]     Checking chrono v0.4.6
[INFO] [stderr]     Checking float-cmp v0.2.5
[INFO] [stderr]    Compiling aho-corasick v0.6.10
[INFO] [stderr]     Checking rand v0.3.23
[INFO] [stderr]     Checking uuid v0.6.5
[INFO] [stderr]    Compiling tempdir v0.3.7
[INFO] [stderr]     Checking tokio-io v0.1.12
[INFO] [stderr]     Checking csv v1.0.5
[INFO] [stderr]    Compiling regex v1.1.2
[INFO] [stderr]     Checking mio-uds v0.6.7
[INFO] [stderr]     Checking num v0.2.0
[INFO] [stderr]     Checking tokio-threadpool v0.1.13
[INFO] [stderr]    Compiling cexpr v0.3.5
[INFO] [stderr]     Checking rust-base58 v0.0.4
[INFO] [stderr]     Checking slog-term v2.4.0
[INFO] [stderr]     Checking tokio-codec v0.1.1
[INFO] [stderr]     Checking parking_lot v0.7.1
[INFO] [stderr]     Checking tokio-reactor v0.1.9
[INFO] [stderr]     Checking once_cell v0.1.8
[INFO] [stderr]     Checking tokio-fs v0.1.6
[INFO] [stderr]    Compiling synstructure v0.10.1
[INFO] [stderr]    Compiling protobuf-codegen-no-elision v2.0.4
[INFO] [stderr]     Checking tokio-udp v0.1.3
[INFO] [stderr]     Checking tokio-uds v0.2.5
[INFO] [stderr]     Checking tokio-tcp v0.1.3
[INFO] [stderr]    Compiling env_logger v0.6.1
[INFO] [stderr]     Checking tokio v0.1.18
[INFO] [stderr]     Checking pbkdf2 v0.3.0
[INFO] [stderr]     Checking tokio-core v0.1.17
[INFO] [stderr]    Compiling cc v1.0.26
[INFO] [stderr]    Compiling serde_derive v1.0.89
[INFO] [stderr]    Compiling protoc-rust-no-elision v2.0.4
[INFO] [stderr]     Checking tokio-proto v0.1.1
[INFO] [stderr]    Compiling failure_derive v0.1.5
[INFO] [stderr]    Compiling openssl-src v111.2.1+1.1.1b
[INFO] [stderr]    Compiling backtrace-sys v0.1.28
[INFO] [stderr]    Compiling libloading v0.5.0
[INFO] [stderr]    Compiling secp256k1 v0.11.6
[INFO] [stderr]    Compiling openssl-sys v0.9.43
[INFO] [stderr]    Compiling cryptonight-rs v0.2.1
[INFO] [stderr]    Compiling hycon_rust v0.1.0 (/opt/rustwide/workdir)
[INFO] [stderr]     Checking failure v0.1.5
[INFO] [stderr]     Checking bip39 v0.6.0-beta.1 (https://github.com/jimni1222/bip39.git#aad1092e)
[INFO] [stderr]    Compiling which v2.0.1
[INFO] [stderr]     Checking bitcoin v0.15.1
[INFO] [stderr]     Checking bitcoin v0.14.2
[INFO] [stderr] The following warnings were emitted during compilation:
[INFO] [stderr] 
[INFO] [stderr] warning: In file included from src/vendor/crypto-ops.c:34:
[INFO] [stderr] warning: src/vendor/warnings.h:14:10: fatal error: boost/preprocessor/stringize.hpp: No such file or directory
[INFO] [stderr] warning:    14 | #include <boost/preprocessor/stringize.hpp>
[INFO] [stderr] warning:       |          ^~~~~~~~~~~~~~~~~~~~~~~~~~~~~~~~~~
[INFO] [stderr] warning: compilation terminated.
[INFO] [stderr] warning: In file included from src/vendor/hash-ops.h:41,
[INFO] [stderr] warning:                  from src/vendor/hash-extra-skein.c:34:
[INFO] [stderr] warning: src/vendor/warnings.h:14:10: fatal error: boost/preprocessor/stringize.hpp: No such file or directory
[INFO] [stderr] warning:    14 | #include <boost/preprocessor/stringize.hpp>
[INFO] [stderr] warning:       |          ^~~~~~~~~~~~~~~~~~~~~~~~~~~~~~~~~~
[INFO] [stderr] warning: compilation terminated.
[INFO] [stderr] warning: In file included from src/vendor/chacha.c:15:
[INFO] [stderr] warning: src/vendor/warnings.h:14:10: fatal error: boost/preprocessor/stringize.hpp: No such file or directory
[INFO] [stderr] warning:    14 | #include <boost/preprocessor/stringize.hpp>
[INFO] [stderr] warning:       |          ^~~~~~~~~~~~~~~~~~~~~~~~~~~~~~~~~~
[INFO] [stderr] warning: compilation terminated.
[INFO] [stderr] warning: In file included from src/vendor/hash-ops.h:41,
[INFO] [stderr] warning:                  from src/vendor/hash-extra-jh.c:37:
[INFO] [stderr] warning: src/vendor/warnings.h:14:10: fatal error: boost/preprocessor/stringize.hpp: No such file or directory
[INFO] [stderr] warning:    14 | #include <boost/preprocessor/stringize.hpp>
[INFO] [stderr] warning:       |          ^~~~~~~~~~~~~~~~~~~~~~~~~~~~~~~~~~
[INFO] [stderr] warning: compilation terminated.
[INFO] [stderr] warning: In file included from src/vendor/hash-ops.h:41,
[INFO] [stderr] warning:                  from src/vendor/hash.c:35:
[INFO] [stderr] warning: src/vendor/warnings.h:14:10: fatal error: boost/preprocessor/stringize.hpp: No such file or directory
[INFO] [stderr] warning:    14 | #include <boost/preprocessor/stringize.hpp>
[INFO] [stderr] warning:       |          ^~~~~~~~~~~~~~~~~~~~~~~~~~~~~~~~~~
[INFO] [stderr] warning: compilation terminated.
[INFO] [stderr] warning: In file included from src/vendor/hash-ops.h:41,
[INFO] [stderr] warning:                  from src/vendor/slow-hash.c:39:
[INFO] [stderr] warning: src/vendor/warnings.h:14:10: fatal error: boost/preprocessor/stringize.hpp: No such file or directory
[INFO] [stderr] warning:    14 | #include <boost/preprocessor/stringize.hpp>
[INFO] [stderr] warning:       |          ^~~~~~~~~~~~~~~~~~~~~~~~~~~~~~~~~~
[INFO] [stderr] warning: compilation terminated.
[INFO] [stderr] warning: src/vendor/oaes_lib.c: In function 'oaes_get_seed':
[INFO] [stderr] warning: src/vendor/oaes_lib.c:514:2: warning: 'ftime' is deprecated [-Wdeprecated-declarations]
[INFO] [stderr] warning:   514 |  ftime (&timer);
[INFO] [stderr] warning:       |  ^~~~~
[INFO] [stderr] warning: In file included from src/vendor/oaes_lib.c:44:
[INFO] [stderr] warning: /usr/include/x86_64-linux-gnu/sys/timeb.h:39:12: note: declared here
[INFO] [stderr] warning:    39 | extern int ftime (struct timeb *__timebuf)
[INFO] [stderr] warning:       |            ^~~~~
[INFO] [stderr] warning: In file included from src/vendor/hash-ops.h:41,
[INFO] [stderr] warning:                  from src/vendor/keccak.c:8:
[INFO] [stderr] warning: src/vendor/warnings.h:14:10: fatal error: boost/preprocessor/stringize.hpp: No such file or directory
[INFO] [stderr] warning:    14 | #include <boost/preprocessor/stringize.hpp>
[INFO] [stderr] warning:       |          ^~~~~~~~~~~~~~~~~~~~~~~~~~~~~~~~~~
[INFO] [stderr] warning: compilation terminated.
[INFO] [stderr] 
[INFO] [stderr] error: failed to run custom build command for `cryptonight-rs v0.2.1`
[INFO] [stderr] 
[INFO] [stderr] Caused by:
[INFO] [stderr]   process didn't exit successfully: `/opt/rustwide/target/debug/build/cryptonight-rs-1119fa236ab90ac1/build-script-build` (exit code: 101)
[INFO] [stderr]   --- stdout
[INFO] [stderr]   TARGET = Some("x86_64-unknown-linux-gnu")
[INFO] [stderr]   OPT_LEVEL = Some("0")
[INFO] [stderr]   HOST = Some("x86_64-unknown-linux-gnu")
[INFO] [stderr]   CC_x86_64-unknown-linux-gnu = None
[INFO] [stderr]   CC_x86_64_unknown_linux_gnu = None
[INFO] [stderr]   HOST_CC = None
[INFO] [stderr]   CC = None
[INFO] [stderr]   CFLAGS_x86_64-unknown-linux-gnu = None
[INFO] [stderr]   CFLAGS_x86_64_unknown_linux_gnu = None
[INFO] [stderr]   HOST_CFLAGS = None
[INFO] [stderr]   CFLAGS = None
[INFO] [stderr]   DEBUG = Some("true")
[INFO] [stderr]   running: "cc" "-O0" "-ffunction-sections" "-fdata-sections" "-fPIC" "-g" "-fno-omit-frame-pointer" "-m64" "-I" "src/vendor/crypto" "-I" "src/vendor/common" "-Wall" "-Wextra" "-maes" "-Ofast" "-fexceptions" "-o" "/opt/rustwide/target/debug/build/cryptonight-rs-a6967cfa864a73a4/out/src/vendor/aesb.o" "-c" "src/vendor/aesb.c"
[INFO] [stderr]   running: "cc" "-O0" "-ffunction-sections" "-fdata-sections" "-fPIC" "-g" "-fno-omit-frame-pointer" "-m64" "-I" "src/vendor/crypto" "-I" "src/vendor/common" "-Wall" "-Wextra" "-maes" "-Ofast" "-fexceptions" "-o" "/opt/rustwide/target/debug/build/cryptonight-rs-a6967cfa864a73a4/out/src/vendor/hash-extra-jh.o" "-c" "src/vendor/hash-extra-jh.c"
[INFO] [stderr]   running: "cc" "-O0" "-ffunction-sections" "-fdata-sections" "-fPIC" "-g" "-fno-omit-frame-pointer" "-m64" "-I" "src/vendor/crypto" "-I" "src/vendor/common" "-Wall" "-Wextra" "-maes" "-Ofast" "-fexceptions" "-o" "/opt/rustwide/target/debug/build/cryptonight-rs-a6967cfa864a73a4/out/src/vendor/blake256.o" "-c" "src/vendor/blake256.c"
[INFO] [stderr]   running: "cc" "-O0" "-ffunction-sections" "-fdata-sections" "-fPIC" "-g" "-fno-omit-frame-pointer" "-m64" "-I" "src/vendor/crypto" "-I" "src/vendor/common" "-Wall" "-Wextra" "-maes" "-Ofast" "-fexceptions" "-o" "/opt/rustwide/target/debug/build/cryptonight-rs-a6967cfa864a73a4/out/src/vendor/chacha.o" "-c" "src/vendor/chacha.c"
[INFO] [stderr]   running: "cc" "-O0" "-ffunction-sections" "-fdata-sections" "-fPIC" "-g" "-fno-omit-frame-pointer" "-m64" "-I" "src/vendor/crypto" "-I" "src/vendor/common" "-Wall" "-Wextra" "-maes" "-Ofast" "-fexceptions" "-o" "/opt/rustwide/target/debug/build/cryptonight-rs-a6967cfa864a73a4/out/src/vendor/crypto-ops-data.o" "-c" "src/vendor/crypto-ops-data.c"
[INFO] [stderr]   running: "cc" "-O0" "-ffunction-sections" "-fdata-sections" "-fPIC" "-g" "-fno-omit-frame-pointer" "-m64" "-I" "src/vendor/crypto" "-I" "src/vendor/common" "-Wall" "-Wextra" "-maes" "-Ofast" "-fexceptions" "-o" "/opt/rustwide/target/debug/build/cryptonight-rs-a6967cfa864a73a4/out/src/vendor/keccak.o" "-c" "src/vendor/keccak.c"
[INFO] [stderr]   running: "cc" "-O0" "-ffunction-sections" "-fdata-sections" "-fPIC" "-g" "-fno-omit-frame-pointer" "-m64" "-I" "src/vendor/crypto" "-I" "src/vendor/common" "-Wall" "-Wextra" "-maes" "-Ofast" "-fexceptions" "-o" "/opt/rustwide/target/debug/build/cryptonight-rs-a6967cfa864a73a4/out/src/vendor/hash-extra-skein.o" "-c" "src/vendor/hash-extra-skein.c"
[INFO] [stderr]   running: "cc" "-O0" "-ffunction-sections" "-fdata-sections" "-fPIC" "-g" "-fno-omit-frame-pointer" "-m64" "-I" "src/vendor/crypto" "-I" "src/vendor/common" "-Wall" "-Wextra" "-maes" "-Ofast" "-fexceptions" "-o" "/opt/rustwide/target/debug/build/cryptonight-rs-a6967cfa864a73a4/out/src/vendor/skein.o" "-c" "src/vendor/skein.c"
[INFO] [stderr]   running: "cc" "-O0" "-ffunction-sections" "-fdata-sections" "-fPIC" "-g" "-fno-omit-frame-pointer" "-m64" "-I" "src/vendor/crypto" "-I" "src/vendor/common" "-Wall" "-Wextra" "-maes" "-Ofast" "-fexceptions" "-o" "/opt/rustwide/target/debug/build/cryptonight-rs-a6967cfa864a73a4/out/src/vendor/jh.o" "-c" "src/vendor/jh.c"
[INFO] [stderr]   running: "cc" "-O0" "-ffunction-sections" "-fdata-sections" "-fPIC" "-g" "-fno-omit-frame-pointer" "-m64" "-I" "src/vendor/crypto" "-I" "src/vendor/common" "-Wall" "-Wextra" "-maes" "-Ofast" "-fexceptions" "-o" "/opt/rustwide/target/debug/build/cryptonight-rs-a6967cfa864a73a4/out/src/vendor/hash-extra-blake.o" "-c" "src/vendor/hash-extra-blake.c"
[INFO] [stderr]   running: "cc" "-O0" "-ffunction-sections" "-fdata-sections" "-fPIC" "-g" "-fno-omit-frame-pointer" "-m64" "-I" "src/vendor/crypto" "-I" "src/vendor/common" "-Wall" "-Wextra" "-maes" "-Ofast" "-fexceptions" "-o" "/opt/rustwide/target/debug/build/cryptonight-rs-a6967cfa864a73a4/out/src/vendor/groestl.o" "-c" "src/vendor/groestl.c"
[INFO] [stderr]   running: "cc" "-O0" "-ffunction-sections" "-fdata-sections" "-fPIC" "-g" "-fno-omit-frame-pointer" "-m64" "-I" "src/vendor/crypto" "-I" "src/vendor/common" "-Wall" "-Wextra" "-maes" "-Ofast" "-fexceptions" "-o" "/opt/rustwide/target/debug/build/cryptonight-rs-a6967cfa864a73a4/out/src/vendor/oaes_lib.o" "-c" "src/vendor/oaes_lib.c"
[INFO] [stderr]   running: "cc" "-O0" "-ffunction-sections" "-fdata-sections" "-fPIC" "-g" "-fno-omit-frame-pointer" "-m64" "-I" "src/vendor/crypto" "-I" "src/vendor/common" "-Wall" "-Wextra" "-maes" "-Ofast" "-fexceptions" "-o" "/opt/rustwide/target/debug/build/cryptonight-rs-a6967cfa864a73a4/out/src/vendor/crypto-ops.o" "-c" "src/vendor/crypto-ops.c"
[INFO] [stderr]   running: "cc" "-O0" "-ffunction-sections" "-fdata-sections" "-fPIC" "-g" "-fno-omit-frame-pointer" "-m64" "-I" "src/vendor/crypto" "-I" "src/vendor/common" "-Wall" "-Wextra" "-maes" "-Ofast" "-fexceptions" "-o" "/opt/rustwide/target/debug/build/cryptonight-rs-a6967cfa864a73a4/out/src/vendor/hash.o" "-c" "src/vendor/hash.c"
[INFO] [stderr]   running: "cc" "-O0" "-ffunction-sections" "-fdata-sections" "-fPIC" "-g" "-fno-omit-frame-pointer" "-m64" "-I" "src/vendor/crypto" "-I" "src/vendor/common" "-Wall" "-Wextra" "-maes" "-Ofast" "-fexceptions" "-o" "/opt/rustwide/target/debug/build/cryptonight-rs-a6967cfa864a73a4/out/src/vendor/hash-extra-groestl.o" "-c" "src/vendor/hash-extra-groestl.c"
[INFO] [stderr]   cargo:warning=In file included from src/vendor/crypto-ops.c:34:
[INFO] [stderr]   cargo:warning=src/vendor/warnings.h:14:10: fatal error: boost/preprocessor/stringize.hpp: No such file or directory
[INFO] [stderr]   cargo:warning=   14 | #include <boost/preprocessor/stringize.hpp>
[INFO] [stderr]   cargo:warning=      |          ^~~~~~~~~~~~~~~~~~~~~~~~~~~~~~~~~~
[INFO] [stderr]   cargo:warning=compilation terminated.
[INFO] [stderr]   running: "cc" "-O0" "-ffunction-sections" "-fdata-sections" "-fPIC" "-g" "-fno-omit-frame-pointer" "-m64" "-I" "src/vendor/crypto" "-I" "src/vendor/common" "-Wall" "-Wextra" "-maes" "-Ofast" "-fexceptions" "-o" "/opt/rustwide/target/debug/build/cryptonight-rs-a6967cfa864a73a4/out/src/vendor/slow-hash.o" "-c" "src/vendor/slow-hash.c"
[INFO] [stderr]   exit code: 1
[INFO] [stderr]   cargo:warning=In file included from src/vendor/hash-ops.h:41,
[INFO] [stderr]   cargo:warning=                 from src/vendor/hash-extra-skein.c:34:
[INFO] [stderr]   cargo:warning=src/vendor/warnings.h:14:10: fatal error: boost/preprocessor/stringize.hpp: No such file or directory
[INFO] [stderr]   cargo:warning=   14 | #include <boost/preprocessor/stringize.hpp>
[INFO] [stderr]   cargo:warning=      |          ^~~~~~~~~~~~~~~~~~~~~~~~~~~~~~~~~~
[INFO] [stderr]   cargo:warning=compilation terminated.
[INFO] [stderr]   cargo:warning=In file included from src/vendor/chacha.c:15:
[INFO] [stderr]   cargo:warning=src/vendor/warnings.h:14:10: fatal error: boost/preprocessor/stringize.hpp: No such file or directory
[INFO] [stderr]   cargo:warning=   14 | #include <boost/preprocessor/stringize.hpp>
[INFO] [stderr]   cargo:warning=      |          ^~~~~~~~~~~~~~~~~~~~~~~~~~~~~~~~~~
[INFO] [stderr]   cargo:warning=compilation terminated.
[INFO] [stderr]   cargo:warning=In file included from src/vendor/hash-ops.h:41,
[INFO] [stderr]   cargo:warning=                 from src/vendor/hash-extra-jh.c:37:
[INFO] [stderr]   cargo:warning=src/vendor/warnings.h:14:10: fatal error: boost/preprocessor/stringize.hpp: No such file or directory
[INFO] [stderr]   cargo:warning=   14 | #include <boost/preprocessor/stringize.hpp>
[INFO] [stderr]   cargo:warning=      |          ^~~~~~~~~~~~~~~~~~~~~~~~~~~~~~~~~~
[INFO] [stderr]   cargo:warning=compilation terminated.
[INFO] [stderr]   exit code: 1
[INFO] [stderr]   exit code: 0
[INFO] [stderr]   exit code: 1
[INFO] [stderr]   exit code: 1
[INFO] [stderr]   cargo:warning=In file included from src/vendor/hash-ops.h:41,
[INFO] [stderr]   cargo:warning=                 from src/vendor/hash.c:35:
[INFO] [stderr]   cargo:warning=src/vendor/warnings.h:14:10: fatal error: boost/preprocessor/stringize.hpp: No such file or directory
[INFO] [stderr]   cargo:warning=   14 | #include <boost/preprocessor/stringize.hpp>
[INFO] [stderr]   cargo:warning=      |          ^~~~~~~~~~~~~~~~~~~~~~~~~~~~~~~~~~
[INFO] [stderr]   cargo:warning=compilation terminated.
[INFO] [stderr]   exit code: 1
[INFO] [stderr]   exit code: 0
[INFO] [stderr]   cargo:warning=In file included from src/vendor/hash-ops.h:41,
[INFO] [stderr]   cargo:warning=                 from src/vendor/slow-hash.c:39:
[INFO] [stderr]   cargo:warning=src/vendor/warnings.h:14:10: fatal error: boost/preprocessor/stringize.hpp: No such file or directory
[INFO] [stderr]   cargo:warning=   14 | #include <boost/preprocessor/stringize.hpp>
[INFO] [stderr]   cargo:warning=      |          ^~~~~~~~~~~~~~~~~~~~~~~~~~~~~~~~~~
[INFO] [stderr]   cargo:warning=compilation terminated.
[INFO] [stderr]   exit code: 1
[INFO] [stderr]   exit code: 0
[INFO] [stderr]   cargo:warning=src/vendor/oaes_lib.c: In function 'oaes_get_seed':
[INFO] [stderr]   cargo:warning=src/vendor/oaes_lib.c:514:2: warning: 'ftime' is deprecated [-Wdeprecated-declarations]
[INFO] [stderr]   cargo:warning=  514 |  ftime (&timer);
[INFO] [stderr]   cargo:warning=      |  ^~~~~
[INFO] [stderr]   cargo:warning=In file included from src/vendor/oaes_lib.c:44:
[INFO] [stderr]   cargo:warning=/usr/include/x86_64-linux-gnu/sys/timeb.h:39:12: note: declared here
[INFO] [stderr]   cargo:warning=   39 | extern int ftime (struct timeb *__timebuf)
[INFO] [stderr]   cargo:warning=      |            ^~~~~
[INFO] [stderr]   cargo:warning=In file included from src/vendor/hash-ops.h:41,
[INFO] [stderr]   cargo:warning=                 from src/vendor/keccak.c:8:
[INFO] [stderr]   cargo:warning=src/vendor/warnings.h:14:10: fatal error: boost/preprocessor/stringize.hpp: No such file or directory
[INFO] [stderr]   cargo:warning=   14 | #include <boost/preprocessor/stringize.hpp>
[INFO] [stderr]   cargo:warning=      |          ^~~~~~~~~~~~~~~~~~~~~~~~~~~~~~~~~~
[INFO] [stderr]   cargo:warning=compilation terminated.
[INFO] [stderr]   exit code: 1
[INFO] [stderr]   exit code: 0
[INFO] [stderr]   exit code: 0
[INFO] [stderr]   exit code: 0
[INFO] [stderr]   exit code: 0
[INFO] [stderr]   exit code: 0
[INFO] [stderr]   exit code: 0
[INFO] [stderr] 
[INFO] [stderr]   --- stderr
[INFO] [stderr]   thread 'main' panicked at '
[INFO] [stderr] 
[INFO] [stderr]   Internal error occurred: Command "cc" "-O0" "-ffunction-sections" "-fdata-sections" "-fPIC" "-g" "-fno-omit-frame-pointer" "-m64" "-I" "src/vendor/crypto" "-I" "src/vendor/common" "-Wall" "-Wextra" "-maes" "-Ofast" "-fexceptions" "-o" "/opt/rustwide/target/debug/build/cryptonight-rs-a6967cfa864a73a4/out/src/vendor/crypto-ops.o" "-c" "src/vendor/crypto-ops.c" with args "cc" did not execute successfully (status code exit code: 1).
[INFO] [stderr] 
[INFO] [stderr]   ', /opt/rustwide/cargo-home/registry/src/github.com-1ecc6299db9ec823/cc-1.0.26/src/lib.rs:2295:5
[INFO] [stderr]   stack backtrace:
[INFO] [stderr]      0:     0x5604e16f2700 - std::backtrace_rs::backtrace::libunwind::trace::h452faf99f32e7c93
[INFO] [stderr]                                  at /rustc/72f88fc4e9458f89516a0b8b0868f3718aec5b47/library/std/src/../../backtrace/src/backtrace/libunwind.rs:96
[INFO] [stderr]      1:     0x5604e16f2700 - std::backtrace_rs::backtrace::trace_unsynchronized::he40edc71437667a1
[INFO] [stderr]                                  at /rustc/72f88fc4e9458f89516a0b8b0868f3718aec5b47/library/std/src/../../backtrace/src/backtrace/mod.rs:66
[INFO] [stderr]      2:     0x5604e16f2700 - std::sys_common::backtrace::_print_fmt::h6c51d6ade71f46bf
[INFO] [stderr]                                  at /rustc/72f88fc4e9458f89516a0b8b0868f3718aec5b47/library/std/src/sys_common/backtrace.rs:79
[INFO] [stderr]      3:     0x5604e16f2700 - <std::sys_common::backtrace::_print::DisplayBacktrace as core::fmt::Display>::fmt::h3cd15d7003dec37a
[INFO] [stderr]                                  at /rustc/72f88fc4e9458f89516a0b8b0868f3718aec5b47/library/std/src/sys_common/backtrace.rs:58
[INFO] [stderr]      4:     0x5604e1711efc - core::fmt::write::h1857a60b204f1b6a
[INFO] [stderr]                                  at /rustc/72f88fc4e9458f89516a0b8b0868f3718aec5b47/library/core/src/fmt/mod.rs:1080
[INFO] [stderr]      5:     0x5604e16eea57 - std::io::Write::write_fmt::hac61caff894c35ae
[INFO] [stderr]                                  at /rustc/72f88fc4e9458f89516a0b8b0868f3718aec5b47/library/std/src/io/mod.rs:1517
[INFO] [stderr]      6:     0x5604e16f4c20 - std::sys_common::backtrace::_print::haa2f390fb7957e3e
[INFO] [stderr]                                  at /rustc/72f88fc4e9458f89516a0b8b0868f3718aec5b47/library/std/src/sys_common/backtrace.rs:61
[INFO] [stderr]      7:     0x5604e16f4c20 - std::sys_common::backtrace::print::h48c7cbbad9013bb1
[INFO] [stderr]                                  at /rustc/72f88fc4e9458f89516a0b8b0868f3718aec5b47/library/std/src/sys_common/backtrace.rs:48
[INFO] [stderr]      8:     0x5604e16f4c20 - std::panicking::default_hook::{{closure}}::h8b7ff05a31e71d55
[INFO] [stderr]                                  at /rustc/72f88fc4e9458f89516a0b8b0868f3718aec5b47/library/std/src/panicking.rs:208
[INFO] [stderr]      9:     0x5604e16f496c - std::panicking::default_hook::h2f00c78800d98e4c
[INFO] [stderr]                                  at /rustc/72f88fc4e9458f89516a0b8b0868f3718aec5b47/library/std/src/panicking.rs:227
[INFO] [stderr]     10:     0x5604e16f5283 - std::panicking::rust_panic_with_hook::h4eaa635e4694aef3
[INFO] [stderr]                                  at /rustc/72f88fc4e9458f89516a0b8b0868f3718aec5b47/library/std/src/panicking.rs:577
[INFO] [stderr]     11:     0x5604e16f4e59 - std::panicking::begin_panic_handler::{{closure}}::hec242f1b136b5ff2
[INFO] [stderr]                                  at /rustc/72f88fc4e9458f89516a0b8b0868f3718aec5b47/library/std/src/panicking.rs:484
[INFO] [stderr]     12:     0x5604e16f2b6c - std::sys_common::backtrace::__rust_end_short_backtrace::h1f3cc383ee6c0374
[INFO] [stderr]                                  at /rustc/72f88fc4e9458f89516a0b8b0868f3718aec5b47/library/std/src/sys_common/backtrace.rs:153
[INFO] [stderr]     13:     0x5604e16f4e19 - rust_begin_unwind
[INFO] [stderr]                                  at /rustc/72f88fc4e9458f89516a0b8b0868f3718aec5b47/library/std/src/panicking.rs:483
[INFO] [stderr]     14:     0x5604e16f4dcb - std::panicking::begin_panic_fmt::hebfdcd945bbd27b1
[INFO] [stderr]                                  at /rustc/72f88fc4e9458f89516a0b8b0868f3718aec5b47/library/std/src/panicking.rs:437
[INFO] [stderr]     15:     0x5604e165e2f7 - cc::fail::hdc50586eae3e6977
[INFO] [stderr]                                  at /opt/rustwide/cargo-home/registry/src/github.com-1ecc6299db9ec823/cc-1.0.26/src/lib.rs:2295
[INFO] [stderr]     16:     0x5604e164b81c - cc::Build::compile::h39e7ae1a41c96f7f
[INFO] [stderr]                                  at /opt/rustwide/cargo-home/registry/src/github.com-1ecc6299db9ec823/cc-1.0.26/src/lib.rs:950
[INFO] [stderr]     17:     0x5604e164669c - build_script_build::main::h319a20d2966b5e95
[INFO] [stderr]                                  at /opt/rustwide/cargo-home/registry/src/github.com-1ecc6299db9ec823/cryptonight-rs-0.2.1/build.rs:6
[INFO] [stderr]     18:     0x5604e164623b - core::ops::function::FnOnce::call_once::h27ea24ac753e3ff9
[INFO] [stderr]                                  at /rustc/72f88fc4e9458f89516a0b8b0868f3718aec5b47/library/core/src/ops/function.rs:227
[INFO] [stderr]     19:     0x5604e164670e - std::sys_common::backtrace::__rust_begin_short_backtrace::h8ab80deb7f445beb
[INFO] [stderr]                                  at /rustc/72f88fc4e9458f89516a0b8b0868f3718aec5b47/library/std/src/sys_common/backtrace.rs:137
[INFO] [stderr]     20:     0x5604e16461f1 - std::rt::lang_start::{{closure}}::h8cd18d6da8327ecc
[INFO] [stderr]                                  at /rustc/72f88fc4e9458f89516a0b8b0868f3718aec5b47/library/std/src/rt.rs:66
[INFO] [stderr]     21:     0x5604e16f5751 - core::ops::function::impls::<impl core::ops::function::FnOnce<A> for &F>::call_once::hecc21eb9018cc197
[INFO] [stderr]                                  at /rustc/72f88fc4e9458f89516a0b8b0868f3718aec5b47/library/core/src/ops/function.rs:259
[INFO] [stderr]     22:     0x5604e16f5751 - std::panicking::try::do_call::h174ad655d084b5c7
[INFO] [stderr]                                  at /rustc/72f88fc4e9458f89516a0b8b0868f3718aec5b47/library/std/src/panicking.rs:381
[INFO] [stderr]     23:     0x5604e16f5751 - std::panicking::try::h479e6054ce28de10
[INFO] [stderr]                                  at /rustc/72f88fc4e9458f89516a0b8b0868f3718aec5b47/library/std/src/panicking.rs:345
[INFO] [stderr]     24:     0x5604e16f5751 - std::panic::catch_unwind::hb558ddea2b3e9c45
[INFO] [stderr]                                  at /rustc/72f88fc4e9458f89516a0b8b0868f3718aec5b47/library/std/src/panic.rs:382
[INFO] [stderr]     25:     0x5604e16f5751 - std::rt::lang_start_internal::h163149047f0a8b61
[INFO] [stderr]                                  at /rustc/72f88fc4e9458f89516a0b8b0868f3718aec5b47/library/std/src/rt.rs:51
[INFO] [stderr]     26:     0x5604e16461c7 - std::rt::lang_start::hdd53224316a27062
[INFO] [stderr]                                  at /rustc/72f88fc4e9458f89516a0b8b0868f3718aec5b47/library/std/src/rt.rs:65
[INFO] [stderr]     27:     0x5604e16466fa - main
[INFO] [stderr]     28:     0x7f716603f0b3 - __libc_start_main
[INFO] [stderr]     29:     0x5604e16460be - _start
[INFO] [stderr]     30:                0x0 - <unknown>
[INFO] [stderr] warning: build failed, waiting for other jobs to finish...
[INFO] [stderr] error: build failed
[INFO] running `Command { std: "docker" "inspect" "a41354c9f8df74e98edddf7c52af6eb893235692a68fc0a7941180c3f3bad2fa", kill_on_drop: false }`
[INFO] running `Command { std: "docker" "rm" "-f" "a41354c9f8df74e98edddf7c52af6eb893235692a68fc0a7941180c3f3bad2fa", kill_on_drop: false }`
[INFO] [stdout] a41354c9f8df74e98edddf7c52af6eb893235692a68fc0a7941180c3f3bad2fa
